+ 255 = y. Suppose -5*r + y = -0*r. Is r a prime number?
False
Suppose -a = 4*q - 107055, 21*a + 4*q + 214062 = 23*a. Is a composite?
True
Is (-2 - 0)*-728632*(-10)/(-160) a composite number?
False
Let z = -97269 - -161948. Is z composite?
False
Let m(r) = 8*r**3 - r**2 + 38*r + 146. Is m(21) prime?
False
Suppose -63 = 10*i - i. Let h = -3 - i. Suppose -s = 5*g - h*s - 425, -g - s = -85. Is g composite?
True
Let g(v) = 4*v**2 - 20*v + 50. Let i be g(12). Suppose i*j - 23272 = 378*j. Is j a composite number?
False
Let w be 129/(-15) + (-2)/5. Let s be (-12)/w + (-2)/6. Is 7902/15 + s/5 a prime number?
False
Let m(h) = -19242*h + 20. Let j be m(-4). Is j/60 + 10/(-75) a composite number?
False
Suppose s - 4*s + 42 = 0. Suppose -5*m = -r - 17, -r - 2*m + s = r. Suppose -3*z = -3*p + 423, -2*p - 7*z + 294 = -r*z. Is p a composite number?
True
Let q(v) = -2*v**3 - v**2 + 13*v + 25. Let n be q(-3). Suppose 0 = -n*l - 148786 + 526893. Is l a prime number?
True
Let r be -9 - (8 + 0)/4. Let k(n) = 5*n + 1. Let g be k(-1). Is r/g*8*246/12 composite?
True
Suppose -6*j + 3*j = 0, 94 = -2*r + j. Let p = r - -51. Is -701*(-4 - 0)/p prime?
True
Let t(k) = 6*k**2 - 35*k + 18. Let z be t(27). Let q = 10328 - z. Is q a composite number?
True
Suppose 54 = 4*s - 18. Let y = s - 18. Suppose -3*i + 182 + 1261 = y. Is i composite?
True
Suppose -54*k + 10*k + 88 = 0. Suppose b = k*g + 23755, b - g - 4*g = 23755. Is b a composite number?
True
Let h be -6 + 7 + 0 + -1 + 7. Suppose 0 = -h*v + 3563 + 336. Is v composite?
False
Suppose 0 = 5*h + 2*r - 1, -7 = -6*h + 5*h + 3*r. Is (435/12 + h)/((-3)/(-84)) a prime number?
False
Let l be (4/(-14))/(19/(-2394)). Suppose b = -3*c - 1, 0 = -3*b - 5*c - 3. Let h = b + l. Is h a prime number?
False
Let y = 245 + -230. Is (-9)/15 - (-1914)/y composite?
False
Suppose -3*a = h - 412896, 2*a + 3*h - 275257 = -0*h. Is a a prime number?
True
Let o be (-129)/(-12) + 10/8 + -2. Let t(b) = 26*b - 16 + 3*b - o*b. Is t(17) prime?
True
Is 2195440/600 + (-3)/45 composite?
False
Let l(x) = 37*x**2 - 34*x + 1. Let j be l(14). Suppose -4*o = -4*b - 2051 - j, 4*o - 5*b = 8832. Is o prime?
True
Is 45439392/120 - 6/10 a composite number?
False
Is 1/((-5980524)/(-747564) - 8) a composite number?
False
Let f = 78626 + -43891. Is f prime?
False
Let c(d) = -34*d - 253. Let n be c(-4). Is (933972/n)/(4/(-3)) a composite number?
False
Let h = -121071 + 220060. Is h composite?
True
Suppose -1750377 = -12*c - 788494 + 747745. Is c a prime number?
True
Suppose 2383 = -7*o - 4582. Let f = o - -1576. Is f composite?
True
Is (-41385)/(-2) - 70/(-280) - 3/(-12) composite?
False
Let m = -116168 - -307047. Is m composite?
True
Let r(h) = 2*h**3 - 12*h**2 + 18*h + 15. Is r(12) a prime number?
False
Suppose 0 - 2 = s. Suppose 2*r + f = 133, -265 = -4*r + 2*f - 5*f. Let v = s + r. Is v a composite number?
True
Let j(u) = -u**3 - 6*u**2 + u + 4. Suppose -2*m - 3*x = 0, -4*x - 1 = 3*m + 1. Let l be j(m). Let v(t) = -21*t - 3. Is v(l) prime?
False
Suppose -3*r + 4 = -20. Suppose -7*s - 6 = -r*s. Suppose 2*u + 28 = s*u. Is u a composite number?
False
Suppose 4326 = u + 2*c - 562, 0 = -c + 5. Suppose 0 = -4*h + 2*h - 8, 2*q - h = u. Is q a prime number?
True
Let y be 0 + 3 + (-10)/(2 - 7). Suppose -8*v + 12*v + 3*k = 27455, -k + 34316 = y*v. Is v a prime number?
True
Suppose -2*h = -5*u + 11, 5*u - 3 = 2*u + 3*h. Let i(p) = -10 - 6*p - 6*p - 5*p**u + 5*p + 3*p**2. Is i(-7) prime?
True
Suppose 34*g - 12089604 = 15065278. Is g composite?
True
Suppose -17*r - 31*r - 28243484 + 141257516 = 0. Is r prime?
True
Suppose -163*t + 253518 = 4*y - 165*t, -4*y + 4*t = -253528. Is y composite?
False
Let s(w) = -57*w - 8. Let d be (10/(-4))/(3/(-6)). Let k(g) = 58*g + 9. Let p(t) = d*k(t) + 6*s(t). Is p(-4) prime?
False
Let k(f) = 2*f**2 - f + 2. Let i(h) = -14*h**2 - 15*h - 79. Let g(v) = -i(v) - 5*k(v). Is g(30) a prime number?
False
Suppose 0 = 1228*k - 1226*k + 954. Let u = 8294 + k. Is u a prime number?
True
Let h(t) = -t**3 - 23*t**2 + 67*t + 8. Let o(b) = -b**3 - 8*b**2 + 6*b + 21. Let a be o(-8). Is h(a) a composite number?
True
Let l(b) = 13*b**2 - 19*b + 2. Let z be l(15). Let i = -1367 + z. Suppose -5*q = -10*t + 5*t - i, -q + 5*t = -239. Is q a prime number?
False
Let v = 66 + -22. Suppose 7*a - v = -4*a. Suppose -4*p = 5*u - 2079, 2008 = a*u - 2*p + 324. Is u prime?
True
Suppose 0 = 5*t - 4*g + 8*g + 531, g - 322 = 3*t. Let z be (0 - -377) + (-31 - -30). Let a = t + z. Is a composite?
False
Let k = -28 - 2. Let a = -27 - k. Is (a/(-9))/(2/(-13998)) composite?
False
Let h(d) = 64*d**3 + 4*d**2 + 4*d - 21. Let r(k) = -16*k**3 - k**2 - k + 5. Let q(y) = -2*h(y) - 9*r(y). Is q(4) composite?
True
Let b(g) = -3*g**3 + 3*g**2 - g - 6. Let h = 31 - 19. Let w = 5 - h. Is b(w) a composite number?
True
Suppose 36 = -8*l + 5*l. Let g be -1 + 17 - (-24)/l. Suppose g*y = 20*y - 1110. Is y prime?
False
Let j = 12870 + 10727. Is j composite?
True
Suppose -59*b + 22284 + 602939 = 0. Is b a composite number?
False
Suppose 2*p + p - 44 = -4*c, 5*p - c = 81. Suppose 14*i - p*i = -1146. Suppose -9*l + 1986 = i. Is l a composite number?
False
Suppose 3*w = -4*v + 85, -2*w = 2*v - 3*v - 53. Suppose w*f = 11*f + 56816. Is f a composite number?
True
Let q = -49 + 65. Suppose -21*s = -q*s - 13595. Is s a prime number?
True
Let w(k) = -2*k**3 - 9*k**2 - 8*k - 13. Let x be w(-4). Suppose -l = -x*l - 132. Let q = l - -767. Is q composite?
False
Suppose 18*s + 4*s + 7583 = 47029. Is s prime?
False
Let v(p) = 121*p**3 + 2*p**2 + 6*p - 1. Let j be v(5). Suppose 0 = 2*h - 1418 - j. Is h a prime number?
True
Is (-2 - (-60)/27)/(4/(-36)) + 135741 prime?
False
Is (-512092 - 11)*(-14)/42 composite?
False
Let l(r) = 25*r - 42*r**3 - r**2 - 24*r - 12*r**3 + 2 - r**2. Suppose 2*v = -5 + 3. Is l(v) a prime number?
True
Suppose 0 = -g + 4*q - 2, -27*g + 23*g - 3*q + 11 = 0. Suppose 2*h + g*h - 34733 = -l, 5*l = -2*h + 17371. Is h a prime number?
False
Suppose -4*d = r - 7*r - 26, -2*d = -4*r - 14. Suppose 8993 = d*g - 40902. Is g prime?
False
Let s = -161838 + 1042037. Is s composite?
False
Is (-20 + 36561)*(-5 - -10)/5 composite?
False
Let r be 10904/12*3/2. Let d be ((-20)/(-25))/((-2)/2195). Let x = d + r. Is x a prime number?
False
Let t be (-69219)/(-12) - -2 - (-1)/(-4). Suppose 4*x - 10610 = -2*u + 12536, -5*u = -x + t. Suppose -4484 - x = -9*s. Is s a composite number?
True
Suppose 14*k - 16*k = -m - 70085, 4*k - 140158 = -2*m. Is k a prime number?
False
Suppose -4400*i + 4363*i = -16329062. Is i a prime number?
False
Let d(g) = 6562 - 146*g**2 + g + 3475 + 147*g**2. Is d(0) prime?
True
Suppose 1076389 = 8*x - 968649 - 442026. Is x a prime number?
True
Suppose -3*c - 2*c + 2*q = -31, 4*c + 2*q = 14. Suppose -c*m - 70 = -35. Is 2/m + 31662/126 prime?
True
Let u(i) = -20*i**2 - 15*i + 3. Let v be u(5). Suppose -4*a + 5*a - 2848 = -3*t, 2843 = 3*t + 2*a. Let x = v + t. Is x a composite number?
False
Let g = -26 - -23. Let f be g/6 - (-4)/(-8)*-15. Is 2 + 4/(-14) + 373/f prime?
False
Let c = -619807 + 1016370. Is c a composite number?
False
Let v(n) = -337*n**3 - n**2 + n - 4. Let a be v(2). Let c = a + 3985. Is c composite?
False
Let g(k) = 784*k**2 + 5*k - 5. Suppose 16*v = -65 - 31. Is g(v) composite?
True
Let u(o) = -4*o**2 + 1. Let g be u(2). Let f = g + 17. Suppose 7*n - f*t - 966 = 3*n, 3*n + 3*t - 702 = 0. Is n composite?
False
Let w be (-4 - 9714/15)/((-12)/(-40)). Let r be w*1/((-6)/8). Suppose -p - 243 = -r. Is p prime?
False
Let u(v) = 90*v**3 + 3*v**2 - 4*v + 3. Suppose 0 = 3*f - 4*p - 52, 5*f - 33 - 65 = p. Suppose -z - 18 = -4*l, 0 = -z - 4*l + f + 2. Is u(z) prime?
True
Let t(n) be the second derivative of -91/6*n**3 + 17/2*n**2 - 7*n + 0. Is t(-6) a composite number?
False
Let x(i) be the first derivative of i**4/4 - i**3 - i**2/2 - 8*i - 3. Let z be x(4). Suppose 0 = -3*p - 4*t + 703, p - t + 709 = z*p. Is p a composite number?
True
Let o(q) = 20*q**3 + 25*q**2 + 49*q - 317. Is o(12) a prime number?
True
Let j(n) = 22*n + 49. Let u(x) = 12*x + 28. Let m(o) = 3*j(o) - 5*u(o). Let f = 11 - 6. Is m(f) composite?
False
Let r(b) = 65*b**2 + 2*b - 2. Let a be 4/(4 - (5 - 3)). Let t be r(a). Suppose -2*y + t = -1224. Is y composite?
False
Suppose 0*x = 5*k - 5*x + 75090, -4 = x. Let m = k + 2